ne o(-6).
375
Let s(p) = 132*p + 3520. Give s(-26).
88
Let f(b) = b**3 - 8*b**2 + 4*b - 31. What is f(7)?
-52
Let i(r) = -22*r**2 - 2902*r + 257. Give i(-132).
-7
Let o(k) = 443*k**3 - 11*k - 12. Calculate o(-1).
-444
Let g(b) = 8*b**2 + 7*b - 588. Calculate g(-9).
-3
Let o(j) = 25*j + 126. Determine o(3).
201
Let v(d) = d**2 + 34*d + 249. Determine v(-22).
-15
Let d(r) = 5*r**2 - 320*r - 1719. What is d(-5)?
6
Let f(m) = -326*m - 2847. Give f(-9).
87
Let k(d) = 19*d**3 + 4*d + 8. Calculate k(-2).
-152
Let u(m) = -m**3 + 6*m**2 - 6*m + 18. Calculate u(5).
13
Let q(k) = -7*k - 246. Give q(-15).
-141
Let k(x) = 232*x**2 - 6*x - 5. What is k(0)?
-5
Let s(y) = 115*y + 1351. Determine s(-10).
201
Let l(y) = 2659*y - 15900. What is l(6)?
54
Let f(g) = g**2 - 62*g + 128. Give f(2).
8
Let m(j) = -j**3 - 37*j**2 + 204*j + 39. Calculate m(-42).
291
Let i(o) = 5*o**2 - 321*o - 56. Give i(65).
204
Let s(p) = 2*p**3 + 141*p**2 + 2447*p + 506. Determine s(-30).
-4
Let f(p) = 365*p + 3265. Determine f(-9).
-20
Let o(c) = -1846*c - 11075. Determine o(-6).
1
Let o(y) = y**2 - 12*y + 44. Give o(3).
17
Let j(v) = -v**3 - 6*v**2 - 6*v + 21. Give j(-7).
112
Let s(p) = 2595*p - 5107. Give s(2).
83
Let f(g) = -g**3 - 61*g**2 - 229*g - 36. What is f(-57)?
21
Let m(r) = -r**3 - 6*r**2 - 12*r - 169. What is m(-8)?
55
Let p(u) = -u**2 - 109*u - 2650. What is p(-73)?
-22
Let r(g) = -2*g**2 - 2529*g - 142243. Calculate r(-59).
6
Let p(u) = -89*u + 49. Determine p(1).
-40
Let c(l) = l**3 + 8*l**2 + 8*l - 9. Calculate c(-8).
-73
Let x(v) = -32*v**2 + 19*v - 7. Determine x(2).
-97
Let w(l) = l**3 + 67*l**2 - 400*l + 194. Determine w(5).
-6
Let r(w) = w**3 + 13*w**2 + 11*w - 72. Give r(-10).
118
Let l(i) = 6*i**2 - 3*i - 1. Calculate l(-3).
62
Let q(w) = 62*w + 62. What is q(12)?
806
Let t(c) = -2*c + 55. What is t(2)?
51
Let c(y) = -11*y + 84. What is c(7)?
7
Let b(i) = 94*i - 3363. Calculate b(36).
21
Let g(f) = 16*f - 49. Calculate g(5).
31
Let u(i) = 5*i**3 + 310*i**2 + i + 72. Calculate u(-62).
10
Let u(m) = 27*m + 146. Give u(-8).
-70
Let t(l) = -3*l**3 - 41*l**2 + 17*l + 35. Give t(-14).
-7
Let i(z) = -5*z**2 - 45*z - 91. What is i(-5)?
9
Let z(b) = -15*b**2 - 18*b - 34. Determine z(-2).
-58
Let l(c) = -c**2 + 7*c + 95. Calculate l(-7).
-3
Let y(t) = t**3 - 237*t**2 - 16406*t - 587. Determine y(293).
-1
Let g(z) = z**3 - 10*z**2 - 195*z + 55. Give g(-10).
5
Let t(b) = 26*b**2 - 158*b + 9. Determine t(6).
-3
Let q(m) = 21*m**3 - 2*m**2 + 8*m + 1. Determine q(2).
177
Let g(r) = -462*r - 149. Give g(0).
-149
Let p(s) = s**2 + 50*s + 294. Give p(-42).
-42
Let v(l) = -5*l**3 - 7*l**2 - 30*l - 43. Calculate v(-2).
29
Let v(a) = -a**3 - 79*a**2 + 602*a + 163. What is v(-86)?
163
Let j(r) = 6*r**3 - 15*r**2 - 78*r + 15. Calculate j(5).
0
Let c(p) = 296*p + 1. Give c(0).
1
Let i(r) = -14*r**3 + 6*r**2 + 13*r + 3. Determine i(-2).
113
Let q(y) = 2456*y - 12274. Give q(5).
6
Let w(r) = 267*r**2 + 10677*r - 134. Determine w(-40).
-14
Let z(i) = -i**3 + 12*i**2 + 7*i - 201. What is z(11)?
-3
Let l(i) = 960*i - 39351. Give l(41).
9
Let i(l) = l**3 - 6*l**2 + 46*l - 379. What is i(7)?
-8
Let a(i) = 654*i + 2251. Calculate a(-3).
289
Let t(d) = -81*d - 13701. What is t(-169)?
-12
Let v(s) = -233*s + 2102. Give v(9).
5
Let j(m) = -3*m**2 - 22*m - 4. Give j(-7).
3
Let i(s) = -4*s**2 + 100*s - 531. Calculate i(6).
-75
Let j(s) = -7*s + 632. Calculate j(70).
142
Let o(y) = 2*y**2 - 72*y - 90. Determine o(37).
-16
Let u(h) = -h**3 + 6*h**2 + 10*h - 26. Give u(3).
31
Let u(o) = 191*o - 1847. Give u(9).
-128
Let s(f) = -6*f + 83. What is s(16)?
-13
Let m(t) = 12874*t - 51501. Calculate m(4).
-5
Let n(b) = -228*b + 1152. Determine n(5).
12
Let q(j) = -10*j**2 + 394*j + 5547. Give q(-11).
3
Let n(s) = 2*s**3 + 39*s**2 + 58*s + 82. What is n(-18)?
10
Let x(j) = -8*j**3 - 2*j**2 + 3*j - 2. Give x(2).
-68
Let x(m) = 40*m + 481. Calculate x(-16).
-159
Let o(p) = -p**2 + 9*p + 538. Determine o(28).
6
Let m(u) = 2*u**3 + 40*u**2 + 33*u - 75. What is m(-19)?
20
Let b(i) = -i**3 - 5*i**2 - 9*i - 129. Determine b(-7).
32
Let c(n) = -387*n - 9319. Give c(-24).
-31
Let m(c) = -c**3 - 10*c**2 - 7*c + 17. Determine m(-8).
-55
Let a(d) = -d**3 - 6*d**2 + 3*d - 1. Determine a(-5).
-41
Let q(l) = -223*l + 5088. Calculate q(23).
-41
Let f(k) = -17*k + 118. Determine f(9).
-35
Let x(q) = 6*q + 323. Calculate x(-50).
23
Let w(n) = -1288*n - 252452. Determine w(-196).
-4
Let w(m) = m**2 - 12*m - 11. Calculate w(11).
-22
Let i(r) = -48*r + 80. Give i(3).
-64
Let j(q) = q**2 + 118*q + 928. Determine j(-110).
48
Let j(w) = -4414*w + 26481. Give j(6).
-3
Let z(r) = -2*r**2 - 9*r - 1. Give z(-1).
6
Let y(j) = 7*j**3 - 67*j**2 - 22*j - 19. Calculate y(10).
61
Let c(l) = -l**3 + l**2 - l - 242. Determine c(0).
-242
Let i(q) = -7*q - 5. Calculate i(5).
-40
Let t(b) = b**2 + 5*b + 19. Give t(-6).
25
Let v(a) = a**3 - 26*a**2 + 69*a - 1111. What is v(25)?
-11
Let l(w) = -1921*w - 184405. Calculate l(-96).
11
Let i(p) = 2*p**2 + 20*p - 322. Calculate i(-19).
20
Let v(w) = -2*w**2 + 41*w + 187. What is v(-5)?
-68
Let x(n) = -2*n - 258. Give x(19).
-296
Let p(r) = 8*r**3 - 2*r**2 - 5*r + 12. Calculate p(4).
472
Let c(a) = -135*a - 16742. Give c(-124).
-2
Let r(t) = -322*t + 11260. What is r(35)?
-10
Let p(n) = -n**2 - 13*n + 247. What is p(0)?
247
Let d(s) = 441*s**2 + 34*s - 32. Give d(1).
443
Let t(s) = 22*s**2 + 280*s - 82. Calculate t(-13).
-4
Let l(t) = 9*t**3 - 9*t. What is l(3)?
216
Let t(p) = -4*p**2 - 40*p - 8. Give t(-11).
-52
Let r(m) = 39*m + 318. Give r(-8).
6
Let c(w) = 78*w + 1470. Determine c(-19).
-12
Let l(w) = -278*w**2 - 1113*w - 34. Determine l(-4).
-30
Let v(c) = -31*c**2 + 13*c + 20. Determine v(-2).
-130
Let d(y) = -26*y + 668. Determine d(26).
-8
Let p(m) = -278*m + 25851. Give p(93).
-3
Let v(p) = 13*p**2 + 405*p + 51. Give v(-31).
-11
Let o(w) = -3*w**2 + 252*w + 11141. What is o(-32)?
5
Let t(s) = -9*s**2 - 326*s - 112. What is t(-36)?
-40
Let t(o) = -567*o - 43101. Calculate t(-76).
-9
Let n(v) = 9*v - 3. Give n(-12).
-111
Let o(p) = -5*p**2 - 90*p - 26. Give o(-7).
359
Let c(q) = 288*q - 3658. Give c(12).
-202
Let y(f) = -f**3 - 7*f**2 + 52*f + 351. Give y(-7).
-13
Let d(t) = 54*t - 126. Calculate d(3).
36
Let f(k) = 5*k**2 - 86*k - 471. What is f(-5)?
84
Let l(z) = -z**3 - 3*z**2 + z - 443. What is l(0)?
-443
Let p(q) = -33*q + 1579. Determine p(48).
-5
Let f(k) = -k**2 - 68*k - 430. Give f(-55).
285
Let l(m) = 12*m - 1723. Give l(112).
-379
Let c(h) = -59*h**2 + 4426*h - 68. What is c(75)?
7
Let p(c) = 164*c - 12801. Give p(78).
-9
Let g(p) = -153*p - 78. Determine g(-2).
228
Let a(l) = -140*l - 1099. What is a(-8)?
21
Let p(x) = 53*x - 5361. Calculate p(98).
-167
Let t(g) = 2*g**3 - g - 31. Give t(4).
93
Let m(t) = 22*t**2 - 3*t + 14. What is m(2)?
96
Let d(a) = -4*a**3 + 18*a**2 - 90*a + 324. Determine d(4).
-4
Let l(q) = -22*q**2 - 65*q - 133. What is l(-2)?
-91
Let f(g) = 36*g - 83. Calculate f(2).
-11
Let d(h) = -12*h + 137. Determine d(20).
-103
Let k(t) = 295*t - 997. Calculate k(3).
-112
Let k(i) = i**3 + 34*i**2 + 3*i - 178. Give k(-34).
-280
Let w(n) = 24858*n + 124286. Give w(-5).
-4
Let q(w) = -33*w - 861. Give q(-26).
-3
Let x(l) = -l**3 - 31*l**2 + 9*l - 23. Give x(-31).
-302
Let z(l) = l**3 - 62*l**2 - 124*l - 248. Calculate z(64).
8
Let d(x) = 27328*x + 27331. Determine d(-1).
3
Let y(p) = p + 64. Determine y(23).
87
Let b(d) = -d**3 + 5*d**2 + 43*d + 40. Calculate b(10).
-30
Let x(p) = 83*p - 1150. Calculate x(14).
12
Let u(g) = 7*g**2 + 68*g - 180. What is u(-12)?
12
Let h(o) = -142*o - 9634. Determine h(-68).
22
Let s(f) = 550*f + 7164. What is s(-13)?
14
Let t(f) = -f**3 - 8*f**2 + 276*f + 1715. What is t(-6)?
-13
Let p(j) = -j**3 - 105*j**2 + 904*j - 88. Determine p(-113).
-88
Let y(o) = -o**3 - 13*o**2 - 48*o - 71. What is y(-5)?
-31
Let i(j) = 6*j**2 - 93*j + 18. Give i(14).
-108
Let t(d) = 2*d**2 - 11*d - 677. What is t(21)?
-26
Let w(i) = 96*i + 16698. Determine w(-174).
-6
Let r(q) = 14*q**2 - 1390*q + 1391. What is r(1)?
15
Let y(q) = 112*q + 556. Calculate y(-5).
-4
Let h(k) = 12*k - 30. Give h(8).
66
Let m(u) = 3*u**2 + 64*u + 323. Determine m(-12).
-13
Let v(n) = 3480*n - 24367. Calculate v(7).
-7
Let q(i) = -133*i - 3800. Determine q(-29).
57
Let s(m) = -m**3